{"id":5528,"date":"2022-05-17T21:33:45","date_gmt":"2022-05-17T19:33:45","guid":{"rendered":"https:\/\/capitalhouse.md\/index.php\/home-copy-copy-copy-copy\/"},"modified":"2022-05-19T10:59:49","modified_gmt":"2022-05-19T08:59:49","slug":"design-peisagistic","status":"publish","type":"page","link":"https:\/\/capitalhouse.md\/index.php\/design-peisagistic\/","title":{"rendered":"Design Peisagistic"},"content":{"rendered":"\t\t<div data-elementor-type=\"wp-page\" data-elementor-id=\"5528\" class=\"elementor elementor-5528\">\n\t\t\t\t\t\t\t\t\t<section class=\"elementor-section elementor-top-section elementor-element elementor-element-a6d4b97 elementor-section-full_width elementor-section-height-min-height elementor-section-content-middle row-height-full elementor-section-height-default elementor-section-items-middle\" data-id=\"a6d4b97\" data-element_type=\"section\" data-settings=\"{&quot;background_background&quot;:&quot;video&quot;,&quot;background_video_link&quot;:&quot;https:\\\/\\\/youtu.be\\\/ABr__Rv4S8M&quot;,&quot;background_video_end&quot;:100,&quot;background_play_on_mobile&quot;:&quot;yes&quot;}\">\n\t\t\t\t\t\t\t\t<div class=\"elementor-background-video-container\">\n\t\t\t\t\t\t\t\t\t\t\t\t\t<div class=\"elementor-background-video-embed\"><\/div>\n\t\t\t\t\t\t\t\t\t\t\t\t<\/div>\n\t\t\t\t\t\t\t\t<div class=\"elementor-container elementor-column-gap-default\">\n\t\t\t\t\t<div class=\"elementor-column elementor-col-100 elementor-top-column elementor-element elementor-element-69e375d ot-flex-column-vertical\" data-id=\"69e375d\" data-element_type=\"column\">\n\t\t\t<div class=\"elementor-widget-wrap elementor-element-populated\">\n\t\t\t\t\t\t\t\t<div class=\"elementor-element elementor-element-0ee4764 elementor-widget elementor-widget-spacer\" data-id=\"0ee4764\" data-element_type=\"widget\" data-widget_type=\"spacer.default\">\n\t\t\t\t<div class=\"elementor-widget-container\">\n\t\t\t<style>\/*! elementor - v3.6.5 - 27-04-2022 *\/\n.e-container.e-container--row .elementor-spacer-inner{width:var(--spacer-size)}.e-container.e-container--column .elementor-spacer-inner,.elementor-column .elementor-spacer-inner{height:var(--spacer-size)}<\/style>\t\t<div class=\"elementor-spacer\">\n\t\t\t<div class=\"elementor-spacer-inner\"><\/div>\n\t\t<\/div>\n\t\t\t\t<\/div>\n\t\t\t\t<\/div>\n\t\t\t\t\t<\/div>\n\t\t<\/div>\n\t\t\t\t\t\t\t<\/div>\n\t\t<\/section>\n\t\t\t\t<section class=\"elementor-section elementor-top-section elementor-element elementor-element-a3cddeb elementor-section-full_width elementor-section-height-default elementor-section-height-default\" data-id=\"a3cddeb\" data-element_type=\"section\">\n\t\t\t\t\t\t<div class=\"elementor-container elementor-column-gap-default\">\n\t\t\t\t\t<div class=\"elementor-column elementor-col-100 elementor-top-column elementor-element elementor-element-e6f1173 ot-flex-column-vertical\" data-id=\"e6f1173\" data-element_type=\"column\">\n\t\t\t<div class=\"elementor-widget-wrap elementor-element-populated\">\n\t\t\t\t\t\t\t\t<div class=\"elementor-element elementor-element-5652da2 elementor-widget elementor-widget-ipfilter\" data-id=\"5652da2\" data-element_type=\"widget\" data-widget_type=\"ipfilter.default\">\n\t\t\t\t<div class=\"elementor-widget-container\">\n\t\t\t\r\n\t\t<div class=\"project-filter-wrapper\">\r\n\t\t\t\t\t\t\t        <div class=\"projects-grid pf_4_cols style-1 img-scale w-auto\" data-load=\"\" data-count=\"16\">\r\n\t\t\t<div class=\"grid-sizer\"><\/div>\r\n\t            \r\n<div class=\"project-item category-16 \">\r\n\t<div class=\"projects-box\">\r\n\t\t<div class=\"projects-thumbnail\" data-src=\"https:\/\/capitalhouse.md\/wp-content\/uploads\/2022\/05\/12c.jpg\" data-sub-html=\"Proiect 12 Peisagistic\u0103\">\r\n\t\t\t<a href=\"https:\/\/capitalhouse.md\/index.php\/portfolio\/proiect-peisagistica12\/\">\r\n\t\t\t\t<img loading=\"lazy\" decoding=\"async\" width=\"720\" height=\"720\" src=\"https:\/\/capitalhouse.md\/wp-content\/uploads\/2022\/05\/12c-720x720.jpg\" class=\"attachment-theratio-portfolio-thumbnail-grid size-theratio-portfolio-thumbnail-grid wp-post-image\" alt=\"\" srcset=\"https:\/\/capitalhouse.md\/wp-content\/uploads\/2022\/05\/12c-720x720.jpg 720w, https:\/\/capitalhouse.md\/wp-content\/uploads\/2022\/05\/12c-150x150.jpg 150w\" sizes=\"auto, (max-width: 720px) 100vw, 720px\" \/>\t\t\t<\/a>\r\n\t\t\t\r\n\t\t\t<span class=\"overlay\">\r\n\t\t\t\t<h5>Proiect 12 Peisagistic\u0103<\/h5>\r\n\t\t\t\t<i class=\"ot-flaticon-add\"><\/i>\r\n\t\t\t<\/span>\r\n\t\t<\/div>\r\n\t\t<div class=\"portfolio-info\">\r\n\t\t\t<div class=\"portfolio-info-inner\">\r\n\t\t\t\t<h5><a class=\"title-link\" href=\"https:\/\/capitalhouse.md\/index.php\/portfolio\/proiect-peisagistica12\/\" data-src=\"https:\/\/capitalhouse.md\/wp-content\/uploads\/2022\/05\/12c.jpg\" data-sub-html=\"Proiect 12 Peisagistic\u0103\">Proiect 12 Peisagistic\u0103<\/a><\/h5>\r\n\t\t\t\t<p class=\"portfolio-cates\"><a href=\"https:\/\/capitalhouse.md\/index.php\/portfolio-category\/peisagistic\/\">Design Peisagistic<\/a><\/p> \r\n\t\t\t<\/div>\r\n\t\t\t<a class=\"overlay\" href=\"https:\/\/capitalhouse.md\/index.php\/portfolio\/proiect-peisagistica12\/\"><\/a>\r\n\t\t<\/div>\r\n\t<\/div>\r\n<\/div>\r\n<div class=\"project-item category-16 \">\r\n\t<div class=\"projects-box\">\r\n\t\t<div class=\"projects-thumbnail\" data-src=\"https:\/\/capitalhouse.md\/wp-content\/uploads\/2022\/05\/8c.jpg\" data-sub-html=\"Proiect 8 Peisagistic\u0103\">\r\n\t\t\t<a href=\"https:\/\/capitalhouse.md\/index.php\/portfolio\/proiect-peisagistica8\/\">\r\n\t\t\t\t<img loading=\"lazy\" decoding=\"async\" width=\"720\" height=\"720\" src=\"https:\/\/capitalhouse.md\/wp-content\/uploads\/2022\/05\/8c-720x720.jpg\" class=\"attachment-theratio-portfolio-thumbnail-grid size-theratio-portfolio-thumbnail-grid wp-post-image\" alt=\"\" srcset=\"https:\/\/capitalhouse.md\/wp-content\/uploads\/2022\/05\/8c-720x720.jpg 720w, https:\/\/capitalhouse.md\/wp-content\/uploads\/2022\/05\/8c-150x150.jpg 150w\" sizes=\"auto, (max-width: 720px) 100vw, 720px\" \/>\t\t\t<\/a>\r\n\t\t\t\r\n\t\t\t<span class=\"overlay\">\r\n\t\t\t\t<h5>Proiect 8 Peisagistic\u0103<\/h5>\r\n\t\t\t\t<i class=\"ot-flaticon-add\"><\/i>\r\n\t\t\t<\/span>\r\n\t\t<\/div>\r\n\t\t<div class=\"portfolio-info\">\r\n\t\t\t<div class=\"portfolio-info-inner\">\r\n\t\t\t\t<h5><a class=\"title-link\" href=\"https:\/\/capitalhouse.md\/index.php\/portfolio\/proiect-peisagistica8\/\" data-src=\"https:\/\/capitalhouse.md\/wp-content\/uploads\/2022\/05\/8c.jpg\" data-sub-html=\"Proiect 8 Peisagistic\u0103\">Proiect 8 Peisagistic\u0103<\/a><\/h5>\r\n\t\t\t\t<p class=\"portfolio-cates\"><a href=\"https:\/\/capitalhouse.md\/index.php\/portfolio-category\/peisagistic\/\">Design Peisagistic<\/a><\/p> \r\n\t\t\t<\/div>\r\n\t\t\t<a class=\"overlay\" href=\"https:\/\/capitalhouse.md\/index.php\/portfolio\/proiect-peisagistica8\/\"><\/a>\r\n\t\t<\/div>\r\n\t<\/div>\r\n<\/div>\r\n<div class=\"project-item category-16 \">\r\n\t<div class=\"projects-box\">\r\n\t\t<div class=\"projects-thumbnail\" data-src=\"https:\/\/capitalhouse.md\/wp-content\/uploads\/2022\/05\/11c.jpg\" data-sub-html=\"Proiect 11 Peisagistic\u0103\">\r\n\t\t\t<a href=\"https:\/\/capitalhouse.md\/index.php\/portfolio\/proiect-peisagistica-11\/\">\r\n\t\t\t\t<img loading=\"lazy\" decoding=\"async\" width=\"720\" height=\"720\" src=\"https:\/\/capitalhouse.md\/wp-content\/uploads\/2022\/05\/11c-720x720.jpg\" class=\"attachment-theratio-portfolio-thumbnail-grid size-theratio-portfolio-thumbnail-grid wp-post-image\" alt=\"\" srcset=\"https:\/\/capitalhouse.md\/wp-content\/uploads\/2022\/05\/11c-720x720.jpg 720w, https:\/\/capitalhouse.md\/wp-content\/uploads\/2022\/05\/11c-150x150.jpg 150w\" sizes=\"auto, (max-width: 720px) 100vw, 720px\" \/>\t\t\t<\/a>\r\n\t\t\t\r\n\t\t\t<span class=\"overlay\">\r\n\t\t\t\t<h5>Proiect 11 Peisagistic\u0103<\/h5>\r\n\t\t\t\t<i class=\"ot-flaticon-add\"><\/i>\r\n\t\t\t<\/span>\r\n\t\t<\/div>\r\n\t\t<div class=\"portfolio-info\">\r\n\t\t\t<div class=\"portfolio-info-inner\">\r\n\t\t\t\t<h5><a class=\"title-link\" href=\"https:\/\/capitalhouse.md\/index.php\/portfolio\/proiect-peisagistica-11\/\" data-src=\"https:\/\/capitalhouse.md\/wp-content\/uploads\/2022\/05\/11c.jpg\" data-sub-html=\"Proiect 11 Peisagistic\u0103\">Proiect 11 Peisagistic\u0103<\/a><\/h5>\r\n\t\t\t\t<p class=\"portfolio-cates\"><a href=\"https:\/\/capitalhouse.md\/index.php\/portfolio-category\/peisagistic\/\">Design Peisagistic<\/a><\/p> \r\n\t\t\t<\/div>\r\n\t\t\t<a class=\"overlay\" href=\"https:\/\/capitalhouse.md\/index.php\/portfolio\/proiect-peisagistica-11\/\"><\/a>\r\n\t\t<\/div>\r\n\t<\/div>\r\n<\/div>\r\n<div class=\"project-item category-16 \">\r\n\t<div class=\"projects-box\">\r\n\t\t<div class=\"projects-thumbnail\" data-src=\"https:\/\/capitalhouse.md\/wp-content\/uploads\/2022\/05\/6c.jpg\" data-sub-html=\"Proiect 6 Peisagistic\u0103\">\r\n\t\t\t<a href=\"https:\/\/capitalhouse.md\/index.php\/portfolio\/proiect-peisagistica6\/\">\r\n\t\t\t\t<img loading=\"lazy\" decoding=\"async\" width=\"720\" height=\"720\" src=\"https:\/\/capitalhouse.md\/wp-content\/uploads\/2022\/05\/6c-720x720.jpg\" class=\"attachment-theratio-portfolio-thumbnail-grid size-theratio-portfolio-thumbnail-grid wp-post-image\" alt=\"\" srcset=\"https:\/\/capitalhouse.md\/wp-content\/uploads\/2022\/05\/6c-720x720.jpg 720w, https:\/\/capitalhouse.md\/wp-content\/uploads\/2022\/05\/6c-150x150.jpg 150w\" sizes=\"auto, (max-width: 720px) 100vw, 720px\" \/>\t\t\t<\/a>\r\n\t\t\t\r\n\t\t\t<span class=\"overlay\">\r\n\t\t\t\t<h5>Proiect 6 Peisagistic\u0103<\/h5>\r\n\t\t\t\t<i class=\"ot-flaticon-add\"><\/i>\r\n\t\t\t<\/span>\r\n\t\t<\/div>\r\n\t\t<div class=\"portfolio-info\">\r\n\t\t\t<div class=\"portfolio-info-inner\">\r\n\t\t\t\t<h5><a class=\"title-link\" href=\"https:\/\/capitalhouse.md\/index.php\/portfolio\/proiect-peisagistica6\/\" data-src=\"https:\/\/capitalhouse.md\/wp-content\/uploads\/2022\/05\/6c.jpg\" data-sub-html=\"Proiect 6 Peisagistic\u0103\">Proiect 6 Peisagistic\u0103<\/a><\/h5>\r\n\t\t\t\t<p class=\"portfolio-cates\"><a href=\"https:\/\/capitalhouse.md\/index.php\/portfolio-category\/peisagistic\/\">Design Peisagistic<\/a><\/p> \r\n\t\t\t<\/div>\r\n\t\t\t<a class=\"overlay\" href=\"https:\/\/capitalhouse.md\/index.php\/portfolio\/proiect-peisagistica6\/\"><\/a>\r\n\t\t<\/div>\r\n\t<\/div>\r\n<\/div>\r\n<div class=\"project-item category-16 \">\r\n\t<div class=\"projects-box\">\r\n\t\t<div class=\"projects-thumbnail\" data-src=\"https:\/\/capitalhouse.md\/wp-content\/uploads\/2022\/05\/13c.jpg\" data-sub-html=\"Proiect 13 Peisagistic\u0103\">\r\n\t\t\t<a href=\"https:\/\/capitalhouse.md\/index.php\/portfolio\/proiect-peisagistica13\/\">\r\n\t\t\t\t<img loading=\"lazy\" decoding=\"async\" width=\"720\" height=\"720\" src=\"https:\/\/capitalhouse.md\/wp-content\/uploads\/2022\/05\/13c-720x720.jpg\" class=\"attachment-theratio-portfolio-thumbnail-grid size-theratio-portfolio-thumbnail-grid wp-post-image\" alt=\"\" srcset=\"https:\/\/capitalhouse.md\/wp-content\/uploads\/2022\/05\/13c-720x720.jpg 720w, https:\/\/capitalhouse.md\/wp-content\/uploads\/2022\/05\/13c-150x150.jpg 150w\" sizes=\"auto, (max-width: 720px) 100vw, 720px\" \/>\t\t\t<\/a>\r\n\t\t\t\r\n\t\t\t<span class=\"overlay\">\r\n\t\t\t\t<h5>Proiect 13 Peisagistic\u0103<\/h5>\r\n\t\t\t\t<i class=\"ot-flaticon-add\"><\/i>\r\n\t\t\t<\/span>\r\n\t\t<\/div>\r\n\t\t<div class=\"portfolio-info\">\r\n\t\t\t<div class=\"portfolio-info-inner\">\r\n\t\t\t\t<h5><a class=\"title-link\" href=\"https:\/\/capitalhouse.md\/index.php\/portfolio\/proiect-peisagistica13\/\" data-src=\"https:\/\/capitalhouse.md\/wp-content\/uploads\/2022\/05\/13c.jpg\" data-sub-html=\"Proiect 13 Peisagistic\u0103\">Proiect 13 Peisagistic\u0103<\/a><\/h5>\r\n\t\t\t\t<p class=\"portfolio-cates\"><a href=\"https:\/\/capitalhouse.md\/index.php\/portfolio-category\/peisagistic\/\">Design Peisagistic<\/a><\/p> \r\n\t\t\t<\/div>\r\n\t\t\t<a class=\"overlay\" href=\"https:\/\/capitalhouse.md\/index.php\/portfolio\/proiect-peisagistica13\/\"><\/a>\r\n\t\t<\/div>\r\n\t<\/div>\r\n<\/div>\r\n<div class=\"project-item category-16 \">\r\n\t<div class=\"projects-box\">\r\n\t\t<div class=\"projects-thumbnail\" data-src=\"https:\/\/capitalhouse.md\/wp-content\/uploads\/2022\/05\/10c.jpg\" data-sub-html=\"Proiect 10 Peisagistic\u0103\">\r\n\t\t\t<a href=\"https:\/\/capitalhouse.md\/index.php\/portfolio\/proiect-peisagistica-10\/\">\r\n\t\t\t\t<img loading=\"lazy\" decoding=\"async\" width=\"720\" height=\"720\" src=\"https:\/\/capitalhouse.md\/wp-content\/uploads\/2022\/05\/10c-720x720.jpg\" class=\"attachment-theratio-portfolio-thumbnail-grid size-theratio-portfolio-thumbnail-grid wp-post-image\" alt=\"\" srcset=\"https:\/\/capitalhouse.md\/wp-content\/uploads\/2022\/05\/10c-720x720.jpg 720w, https:\/\/capitalhouse.md\/wp-content\/uploads\/2022\/05\/10c-150x150.jpg 150w\" sizes=\"auto, (max-width: 720px) 100vw, 720px\" \/>\t\t\t<\/a>\r\n\t\t\t\r\n\t\t\t<span class=\"overlay\">\r\n\t\t\t\t<h5>Proiect 10 Peisagistic\u0103<\/h5>\r\n\t\t\t\t<i class=\"ot-flaticon-add\"><\/i>\r\n\t\t\t<\/span>\r\n\t\t<\/div>\r\n\t\t<div class=\"portfolio-info\">\r\n\t\t\t<div class=\"portfolio-info-inner\">\r\n\t\t\t\t<h5><a class=\"title-link\" href=\"https:\/\/capitalhouse.md\/index.php\/portfolio\/proiect-peisagistica-10\/\" data-src=\"https:\/\/capitalhouse.md\/wp-content\/uploads\/2022\/05\/10c.jpg\" data-sub-html=\"Proiect 10 Peisagistic\u0103\">Proiect 10 Peisagistic\u0103<\/a><\/h5>\r\n\t\t\t\t<p class=\"portfolio-cates\"><a href=\"https:\/\/capitalhouse.md\/index.php\/portfolio-category\/peisagistic\/\">Design Peisagistic<\/a><\/p> \r\n\t\t\t<\/div>\r\n\t\t\t<a class=\"overlay\" href=\"https:\/\/capitalhouse.md\/index.php\/portfolio\/proiect-peisagistica-10\/\"><\/a>\r\n\t\t<\/div>\r\n\t<\/div>\r\n<\/div>\t\t\t<\/div>\r\n\r\n\t\t\t\t    <\/div>\r\n\t\t\t\t\t\t\t\t\t\t\r\n\t    \t\t<\/div>\n\t\t\t\t<\/div>\n\t\t\t\t\t<\/div>\n\t\t<\/div>\n\t\t\t\t\t\t\t<\/div>\n\t\t<\/section>\n\t\t\t\t<section class=\"elementor-section elementor-top-section elementor-element elementor-element-aab760e elementor-section-boxed elementor-section-height-default elementor-section-height-default\" data-id=\"aab760e\" data-element_type=\"section\">\n\t\t\t\t\t\t<div class=\"elementor-container elementor-column-gap-default\">\n\t\t\t\t\t<div class=\"elementor-column elementor-col-100 elementor-top-column elementor-element elementor-element-320b19f ot-flex-column-vertical\" data-id=\"320b19f\" data-element_type=\"column\">\n\t\t\t<div class=\"elementor-widget-wrap elementor-element-populated\">\n\t\t\t\t\t\t\t\t<div class=\"elementor-element elementor-element-02d8fae elementor-aspect-ratio-169 elementor-widget elementor-widget-video\" data-id=\"02d8fae\" data-element_type=\"widget\" data-settings=\"{&quot;youtube_url&quot;:&quot;https:\\\/\\\/youtu.be\\\/ABr__Rv4S8M&quot;,&quot;autoplay&quot;:&quot;yes&quot;,&quot;play_on_mobile&quot;:&quot;yes&quot;,&quot;loop&quot;:&quot;yes&quot;,&quot;yt_privacy&quot;:&quot;yes&quot;,&quot;video_type&quot;:&quot;youtube&quot;,&quot;aspect_ratio&quot;:&quot;169&quot;}\" data-widget_type=\"video.default\">\n\t\t\t\t<div class=\"elementor-widget-container\">\n\t\t\t<style>\/*! elementor - v3.6.5 - 27-04-2022 *\/\n.elementor-widget-video .elementor-widget-container{overflow:hidden;-webkit-transform:translateZ(0);transform:translateZ(0)}.elementor-widget-video .elementor-open-inline .elementor-custom-embed-image-overlay{position:absolute;top:0;left:0;width:100%;height:100%;background-size:cover;background-position:50%}.elementor-widget-video .elementor-custom-embed-image-overlay{cursor:pointer;text-align:center}.elementor-widget-video .elementor-custom-embed-image-overlay:hover .elementor-custom-embed-play i{opacity:1}.elementor-widget-video .elementor-custom-embed-image-overlay img{display:block;width:100%}.elementor-widget-video .e-hosted-video .elementor-video{-o-object-fit:cover;object-fit:cover}<\/style>\t\t<div class=\"elementor-wrapper elementor-fit-aspect-ratio elementor-open-inline\">\n\t\t\t<div class=\"elementor-video\"><\/div>\t\t<\/div>\n\t\t\t\t<\/div>\n\t\t\t\t<\/div>\n\t\t\t\t\t<\/div>\n\t\t<\/div>\n\t\t\t\t\t\t\t<\/div>\n\t\t<\/section>\n\t\t\t\t\t\t\t<\/div>\n\t\t","protected":false},"excerpt":{"rendered":"<p>Proiect 12 Peisagistic\u0103 Proiect 12 Peisagistic\u0103 Design Peisagistic Proiect 8 Peisagistic\u0103 Proiect 8 Peisagistic\u0103 Design Peisagistic Proiect 11 Peisagistic\u0103 Proiect 11 Peisagistic\u0103 Design Peisagistic Proiect 6 Peisagistic\u0103 Proiect 6 Peisagistic\u0103 Design Peisagistic Proiect 13 Peisagistic\u0103 Proiect 13 Peisagistic\u0103 Design Peisagistic Proiect 10 Peisagistic\u0103 Proiect 10 Peisagistic\u0103 Design Peisagistic Proiect 5 Peisagistic\u0103 Proiect 5 Peisagistic\u0103 Design [&hellip;]<\/p>\n","protected":false},"author":1,"featured_media":0,"parent":0,"menu_order":0,"comment_status":"closed","ping_status":"closed","template":"","meta":{"footnotes":""},"class_list":["post-5528","page","type-page","status-publish","hentry"],"_links":{"self":[{"href":"https:\/\/capitalhouse.md\/index.php\/wp-json\/wp\/v2\/pages\/5528","targetHints":{"allow":["GET"]}}],"collection":[{"href":"https:\/\/capitalhouse.md\/index.php\/wp-json\/wp\/v2\/pages"}],"about":[{"href":"https:\/\/capitalhouse.md\/index.php\/wp-json\/wp\/v2\/types\/page"}],"author":[{"embeddable":true,"href":"https:\/\/capitalhouse.md\/index.php\/wp-json\/wp\/v2\/users\/1"}],"replies":[{"embeddable":true,"href":"https:\/\/capitalhouse.md\/index.php\/wp-json\/wp\/v2\/comments?post=5528"}],"version-history":[{"count":22,"href":"https:\/\/capitalhouse.md\/index.php\/wp-json\/wp\/v2\/pages\/5528\/revisions"}],"predecessor-version":[{"id":5685,"href":"https:\/\/capitalhouse.md\/index.php\/wp-json\/wp\/v2\/pages\/5528\/revisions\/5685"}],"wp:attachment":[{"href":"https:\/\/capitalhouse.md\/index.php\/wp-json\/wp\/v2\/media?parent=5528"}],"curies":[{"name":"wp","href":"https:\/\/api.w.org\/{rel}","templated":true}]}}